{"id":1777,"date":"2018-03-18T09:11:23","date_gmt":"2018-03-18T13:11:23","guid":{"rendered":"https:\/\/michelpratt.quebec\/wp\/?post_type=product&#038;p=1777"},"modified":"2024-01-22T11:20:23","modified_gmt":"2024-01-22T16:20:23","slug":"les-dirigeables-r-100-et-r-101","status":"publish","type":"product","link":"https:\/\/michelpratt.quebec\/?product=les-dirigeables-r-100-et-r-101","title":{"rendered":"Les dirigeables R-100 et R-101 PDF"},"content":{"rendered":"<table border=\"0\" width=\"100%\" cellspacing=\"0\" cellpadding=\"0\">\n<tbody>\n<tr>\n<td colspan=\"3\" valign=\"top\"><img fetchpriority=\"high\" decoding=\"async\" class=\"alignnone size-medium wp-image-9842\" src=\"https:\/\/michelpratt.quebec\/wp\/wp-content\/uploads\/2021\/11\/r100-231x300.png\" alt=\"\" width=\"231\" height=\"300\" srcset=\"https:\/\/michelpratt.quebec\/wp-content\/uploads\/2021\/11\/r100-231x300.png 231w, https:\/\/michelpratt.quebec\/wp-content\/uploads\/2021\/11\/r100.png 286w\" sizes=\"(max-width: 231px) 100vw, 231px\" \/><\/p>\n<p>Il n&rsquo;y a pas beaucoup d&rsquo;\u00e9v\u00e9nements dans l&rsquo;histoire du Qu\u00e9bec qui aient eu un retentissement aussi fort que celui de la venue, en 1930, du dirigeable R-100. Non seulement la couverture m\u00e9diatique fut-elle exceptionnelle, mais comme le disait la Bolduc, dans une de ses chansons, \u00a0\u00bb Tout l&rsquo;monde parle du R-100 \u00ab\u00a0. Le vol du R-100 n&rsquo;est pas que le plus gros \u00e9v\u00e9nement touristique dans l&rsquo;histoire de la Mont\u00e9r\u00e9gie et l&rsquo;un des plus importants du Qu\u00e9bec avec l&rsquo;Exposition universelle de 1967. C&rsquo;est l&rsquo;histoire d&rsquo;un d\u00e9fi technologique majeur. En ce sens, l&rsquo;int\u00e9r\u00eat est mondial.<\/p>\n<p>La catastrophe de l&rsquo;\u00e9crasement du R-101, \u00e0 Allonne, pr\u00e8s de Beauvais, en France, a eu d&rsquo;\u00e9normes retomb\u00e9es m\u00e9diatiques tant dans ce pays qu&rsquo;en Angleterre. L&rsquo;histoire des dirigeables R-100 et R-101 est, dans sa dur\u00e9e, tr\u00e8s br\u00e8ve. Elle refl\u00e8te cependant toute une d\u00e9cennie d&rsquo;innovations dans le domaine de l&rsquo;aviation. Spectacle majestueux, exploit technologique, \u00e9v\u00e9nement m\u00e9diatique. L&rsquo;histoire du R-100, ce beau vaisseau a\u00e9rien argent\u00e9, ce Titanic du ciel, c&rsquo;est tout \u00e7a et bien plus\u2026 L&rsquo;histoire du R-100 est indissociable de celle du R-101.<\/p>\n<p>Elle commence et se termine en m\u00eame temps. Ce livre refl\u00e8te en quelque sorte le succ\u00e8s de l&rsquo;un et l&rsquo;\u00e9chec de l&rsquo;autre. Le livre est accompagn\u00e9 d&rsquo;un cd-rom multimedia de promotion gratuit lequel comprend deux chansons de 1930 sur le R100 et des s\u00e9quences vid\u00e9os des dirigeables R100 et R101. Le livre contient plus de 200 photos et tableaux<\/p>\n<div align=\"justify\"><\/div>\n<\/td>\n<\/tr>\n<\/tbody>\n<\/table>\n<p>&nbsp;<\/p>\n<div align=\"center\"><\/div>\n<p>&nbsp;<\/p>\n","protected":false},"excerpt":{"rendered":"<p>Il n&rsquo;y a pas beaucoup d&rsquo;\u00e9v\u00e9nements dans l&rsquo;histoire du Qu\u00e9bec qui aient eu un retentissement aussi fort que celui de la venue, en 1930, du dirigeable R-100. Non seulement la couverture m\u00e9diatique fut-elle exceptionnelle, mais comme le disait la Bolduc, dans une de ses chansons, \u00a0\u00bb Tout l&rsquo;monde parle du R-100 \u00ab\u00a0. Le vol du [&hellip;]<\/p>\n","protected":false},"featured_media":9842,"comment_status":"closed","ping_status":"closed","template":"","meta":{"site-sidebar-layout":"default","site-content-layout":"default","ast-site-content-layout":"default","site-content-style":"default","site-sidebar-style":"default","ast-global-header-display":"","ast-banner-title-visibility":"","ast-main-header-display":"","ast-hfb-above-header-display":"","ast-hfb-below-header-display":"","ast-hfb-mobile-header-display":"","site-post-title":"","ast-breadcrumbs-content":"","ast-featured-img":"","footer-sml-layout":"","ast-disable-related-posts":"","theme-transparent-header-meta":"default","adv-header-id-meta":"","stick-header-meta":"","header-above-stick-meta":"","header-main-stick-meta":"","header-below-stick-meta":"","astra-migrate-meta-layouts":"set","ast-page-background-enabled":"default","ast-page-background-meta":{"desktop":{"background-color":"","background-image":"","background-repeat":"repeat","background-position":"center center","background-size":"auto","background-attachment":"scroll","background-type":"","background-media":"","overlay-type":"","overlay-color":"","overlay-opacity":"","overlay-gradient":""},"tablet":{"background-color":"","background-image":"","background-repeat":"repeat","background-position":"center center","background-size":"auto","background-attachment":"scroll","background-type":"","background-media":"","overlay-type":"","overlay-color":"","overlay-opacity":"","overlay-gradient":""},"mobile":{"background-color":"","background-image":"","background-repeat":"repeat","background-position":"center center","background-size":"auto","background-attachment":"scroll","background-type":"","background-media":"","overlay-type":"","overlay-color":"","overlay-opacity":"","overlay-gradient":""}},"ast-content-background-meta":{"desktop":{"background-color":"var(--ast-global-color-5)","background-image":"","background-repeat":"repeat","background-position":"center center","background-size":"auto","background-attachment":"scroll","background-type":"","background-media":"","overlay-type":"","overlay-color":"","overlay-opacity":"","overlay-gradient":""},"tablet":{"background-color":"var(--ast-global-color-5)","background-image":"","background-repeat":"repeat","background-position":"center center","background-size":"auto","background-attachment":"scroll","background-type":"","background-media":"","overlay-type":"","overlay-color":"","overlay-opacity":"","overlay-gradient":""},"mobile":{"background-color":"var(--ast-global-color-5)","background-image":"","background-repeat":"repeat","background-position":"center center","background-size":"auto","background-attachment":"scroll","background-type":"","background-media":"","overlay-type":"","overlay-color":"","overlay-opacity":"","overlay-gradient":""}}},"product_brand":[],"product_cat":[63],"product_tag":[],"class_list":{"0":"post-1777","1":"product","2":"type-product","3":"status-publish","4":"has-post-thumbnail","6":"product_cat-livres-pdf","7":"desktop-align-left","8":"tablet-align-left","9":"mobile-align-left","11":"first","12":"instock","13":"downloadable","14":"virtual","15":"purchasable","16":"product-type-simple"},"jetpack_sharing_enabled":true,"_links":{"self":[{"href":"https:\/\/michelpratt.quebec\/index.php?rest_route=\/wp\/v2\/product\/1777","targetHints":{"allow":["GET"]}}],"collection":[{"href":"https:\/\/michelpratt.quebec\/index.php?rest_route=\/wp\/v2\/product"}],"about":[{"href":"https:\/\/michelpratt.quebec\/index.php?rest_route=\/wp\/v2\/types\/product"}],"replies":[{"embeddable":true,"href":"https:\/\/michelpratt.quebec\/index.php?rest_route=%2Fwp%2Fv2%2Fcomments&post=1777"}],"version-history":[{"count":0,"href":"https:\/\/michelpratt.quebec\/index.php?rest_route=\/wp\/v2\/product\/1777\/revisions"}],"wp:featuredmedia":[{"embeddable":true,"href":"https:\/\/michelpratt.quebec\/index.php?rest_route=\/wp\/v2\/media\/9842"}],"wp:attachment":[{"href":"https:\/\/michelpratt.quebec\/index.php?rest_route=%2Fwp%2Fv2%2Fmedia&parent=1777"}],"wp:term":[{"taxonomy":"product_brand","embeddable":true,"href":"https:\/\/michelpratt.quebec\/index.php?rest_route=%2Fwp%2Fv2%2Fproduct_brand&post=1777"},{"taxonomy":"product_cat","embeddable":true,"href":"https:\/\/michelpratt.quebec\/index.php?rest_route=%2Fwp%2Fv2%2Fproduct_cat&post=1777"},{"taxonomy":"product_tag","embeddable":true,"href":"https:\/\/michelpratt.quebec\/index.php?rest_route=%2Fwp%2Fv2%2Fproduct_tag&post=1777"}],"curies":[{"name":"wp","href":"https:\/\/api.w.org\/{rel}","templated":true}]}}