{"id":5795,"date":"2020-07-16T11:31:24","date_gmt":"2020-07-16T15:31:24","guid":{"rendered":"https:\/\/michelpratt.quebec\/wp\/?post_type=product&#038;p=5795"},"modified":"2026-04-17T14:13:46","modified_gmt":"2026-04-17T18:13:46","slug":"histoire-de-ville-lemoyne","status":"publish","type":"product","link":"https:\/\/michelpratt.quebec\/?product=histoire-de-ville-lemoyne","title":{"rendered":"Histoire de Ville LeMoyne. PDF"},"content":{"rendered":"<p>&nbsp;<\/p>\n<p>&nbsp;<\/p>\n<figure id=\"attachment_9862\" aria-describedby=\"caption-attachment-9862\" style=\"width: 230px\" class=\"wp-caption aligncenter\"><img fetchpriority=\"high\" decoding=\"async\" class=\"size-medium wp-image-9862\" src=\"https:\/\/michelpratt.quebec\/wp-content\/uploads\/2024\/01\/Lemoyne-230x300.png\" alt=\"\" width=\"230\" height=\"300\" srcset=\"https:\/\/michelpratt.quebec\/wp-content\/uploads\/2024\/01\/Lemoyne-230x300.png 230w, https:\/\/michelpratt.quebec\/wp-content\/uploads\/2024\/01\/Lemoyne.png 287w\" sizes=\"(max-width: 230px) 100vw, 230px\" \/><figcaption id=\"caption-attachment-9862\" class=\"wp-caption-text\">Ville LeMoyne<\/figcaption><\/figure>\n<p>Histoire d&rsquo;une ancienne ville maintenant incorpor\u00e9e \u00e0 Longueuil.<\/p>\n<p>Paroisses de Saint-Josaphat et Saint-Maxime.<\/p>\n<p>Dictionnaire historique de LeMoyne incorpor\u00e9.<\/p>\n<h5>Ce livre est \u00e9galement disponible sur <a href=\"https:\/\/www.amazon.ca\/s?k=Michel+Pratt&amp;i=stripbooks&amp;__mk_fr_CA=%C3%85M%C3%85%C5%BD%C3%95%C3%91&amp;crid=1AW3IT1H0AA2X&amp;sprefix=michel+pratt%2Cstripbooks%2C72&amp;ref=nb_sb_noss_1\" target=\"_blank\" rel=\"noopener\">amazon.ca<\/a> et est \u00e9ligible \u00e0 <em>Prime<\/em> pour le transport et \u00e0 la succursale Renaud-Bray de la Place Longueuil.<\/h5>\n<p>&nbsp;<\/p>\n<p>&nbsp;<\/p>\n<p>&nbsp;<\/p>\n","protected":false},"excerpt":{"rendered":"<p>&nbsp; &nbsp; Histoire d&rsquo;une ancienne ville maintenant incorpor\u00e9e \u00e0 Longueuil. Paroisses de Saint-Josaphat et Saint-Maxime. Dictionnaire historique de LeMoyne incorpor\u00e9. Ce livre est \u00e9galement disponible sur amazon.ca et est \u00e9ligible \u00e0 Prime pour le transport et \u00e0 la succursale Renaud-Bray de la Place Longueuil. &nbsp; &nbsp; &nbsp;<\/p>\n","protected":false},"featured_media":9862,"comment_status":"closed","ping_status":"closed","template":"","meta":{"site-sidebar-layout":"default","site-content-layout":"default","ast-site-content-layout":"default","site-content-style":"default","site-sidebar-style":"default","ast-global-header-display":"","ast-banner-title-visibility":"","ast-main-header-display":"","ast-hfb-above-header-display":"","ast-hfb-below-header-display":"","ast-hfb-mobile-header-display":"","site-post-title":"","ast-breadcrumbs-content":"","ast-featured-img":"","footer-sml-layout":"","ast-disable-related-posts":"","theme-transparent-header-meta":"default","adv-header-id-meta":"","stick-header-meta":"","header-above-stick-meta":"","header-main-stick-meta":"","header-below-stick-meta":"","astra-migrate-meta-layouts":"set","ast-page-background-enabled":"default","ast-page-background-meta":{"desktop":{"background-color":"","background-image":"","background-repeat":"repeat","background-position":"center center","background-size":"auto","background-attachment":"scroll","background-type":"","background-media":"","overlay-type":"","overlay-color":"","overlay-opacity":"","overlay-gradient":""},"tablet":{"background-color":"","background-image":"","background-repeat":"repeat","background-position":"center center","background-size":"auto","background-attachment":"scroll","background-type":"","background-media":"","overlay-type":"","overlay-color":"","overlay-opacity":"","overlay-gradient":""},"mobile":{"background-color":"","background-image":"","background-repeat":"repeat","background-position":"center center","background-size":"auto","background-attachment":"scroll","background-type":"","background-media":"","overlay-type":"","overlay-color":"","overlay-opacity":"","overlay-gradient":""}},"ast-content-background-meta":{"desktop":{"background-color":"var(--ast-global-color-5)","background-image":"","background-repeat":"repeat","background-position":"center center","background-size":"auto","background-attachment":"scroll","background-type":"","background-media":"","overlay-type":"","overlay-color":"","overlay-opacity":"","overlay-gradient":""},"tablet":{"background-color":"var(--ast-global-color-5)","background-image":"","background-repeat":"repeat","background-position":"center center","background-size":"auto","background-attachment":"scroll","background-type":"","background-media":"","overlay-type":"","overlay-color":"","overlay-opacity":"","overlay-gradient":""},"mobile":{"background-color":"var(--ast-global-color-5)","background-image":"","background-repeat":"repeat","background-position":"center center","background-size":"auto","background-attachment":"scroll","background-type":"","background-media":"","overlay-type":"","overlay-color":"","overlay-opacity":"","overlay-gradient":""}}},"product_brand":[],"product_cat":[63],"product_tag":[],"class_list":{"0":"post-5795","1":"product","2":"type-product","3":"status-publish","4":"has-post-thumbnail","6":"product_cat-livres-pdf","7":"desktop-align-left","8":"tablet-align-left","9":"mobile-align-left","11":"first","12":"instock","13":"downloadable","14":"virtual","15":"purchasable","16":"product-type-simple"},"jetpack_sharing_enabled":true,"_links":{"self":[{"href":"https:\/\/michelpratt.quebec\/index.php?rest_route=\/wp\/v2\/product\/5795","targetHints":{"allow":["GET"]}}],"collection":[{"href":"https:\/\/michelpratt.quebec\/index.php?rest_route=\/wp\/v2\/product"}],"about":[{"href":"https:\/\/michelpratt.quebec\/index.php?rest_route=\/wp\/v2\/types\/product"}],"replies":[{"embeddable":true,"href":"https:\/\/michelpratt.quebec\/index.php?rest_route=%2Fwp%2Fv2%2Fcomments&post=5795"}],"version-history":[{"count":1,"href":"https:\/\/michelpratt.quebec\/index.php?rest_route=\/wp\/v2\/product\/5795\/revisions"}],"predecessor-version":[{"id":9843,"href":"https:\/\/michelpratt.quebec\/index.php?rest_route=\/wp\/v2\/product\/5795\/revisions\/9843"}],"wp:featuredmedia":[{"embeddable":true,"href":"https:\/\/michelpratt.quebec\/index.php?rest_route=\/wp\/v2\/media\/9862"}],"wp:attachment":[{"href":"https:\/\/michelpratt.quebec\/index.php?rest_route=%2Fwp%2Fv2%2Fmedia&parent=5795"}],"wp:term":[{"taxonomy":"product_brand","embeddable":true,"href":"https:\/\/michelpratt.quebec\/index.php?rest_route=%2Fwp%2Fv2%2Fproduct_brand&post=5795"},{"taxonomy":"product_cat","embeddable":true,"href":"https:\/\/michelpratt.quebec\/index.php?rest_route=%2Fwp%2Fv2%2Fproduct_cat&post=5795"},{"taxonomy":"product_tag","embeddable":true,"href":"https:\/\/michelpratt.quebec\/index.php?rest_route=%2Fwp%2Fv2%2Fproduct_tag&post=5795"}],"curies":[{"name":"wp","href":"https:\/\/api.w.org\/{rel}","templated":true}]}}