{"id":6373,"date":"2021-11-15T13:29:36","date_gmt":"2021-11-15T18:29:36","guid":{"rendered":"https:\/\/michelpratt.quebec\/wp\/?post_type=product&#038;p=6373"},"modified":"2026-04-17T14:03:27","modified_gmt":"2026-04-17T18:03:27","slug":"les-dirigeables-r-100-et-r-101-version-papier","status":"publish","type":"product","link":"https:\/\/michelpratt.quebec\/?product=les-dirigeables-r-100-et-r-101-version-papier","title":{"rendered":"Les dirigeables R-100 et R-101 Version papier"},"content":{"rendered":"<p><img fetchpriority=\"high\" decoding=\"async\" class=\"size-medium wp-image-9870 aligncenter\" src=\"https:\/\/michelpratt.quebec\/wp-content\/uploads\/2024\/01\/r100-231x300.png\" alt=\"\" width=\"231\" height=\"300\" srcset=\"https:\/\/michelpratt.quebec\/wp-content\/uploads\/2024\/01\/r100-231x300.png 231w, https:\/\/michelpratt.quebec\/wp-content\/uploads\/2024\/01\/r100.png 286w\" sizes=\"(max-width: 231px) 100vw, 231px\" \/><\/p>\n<p style=\"text-align: center;\">Par l\u2019historien qu\u00e9b\u00e9cois Michel Pratt<\/p>\n<p>Peu d\u2019\u00e9v\u00e9nements dans l\u2019histoire du Qu\u00e9bec ont connu un retentissement aussi fort que celui de la venue, en 1930, du dirigeable R-100. Non seulement la couverture m\u00e9diatique fut-elle exceptionnelle, mais comme le disait la dans une de ses chansons : \u00ab Tout l\u2019monde parle du R-100 \u00bb.<\/p>\n<p>Sur le plan r\u00e9gional, le vol du R-100 est le plus grand \u00e9v\u00e9nement touristique de la Mont\u00e9r\u00e9gie. Au niveau provincial, il n\u2019est pas moins prestigieux que l\u2019Exposition universelle de 1967.<\/p>\n<p>D\u2019autre part, en termes de d\u00e9fi technologique, l\u2019int\u00e9r\u00eat qu\u2019il a suscit\u00e9 fut mondial. La catastrophe de l\u2019\u00e9crasement du R-101, en France, a eu d\u2019\u00e9normes retomb\u00e9es m\u00e9diatiques tant dans ce pays qu\u2019en Angleterre.<\/p>\n<p>L\u2019histoire du R-100 et celle du R-101, bien que de courte dur\u00e9e, refl\u00e8tent toute une d\u00e9cennie d\u2019innovations dans le domaine de l\u2019aviation. Spectacle majestueux, exploit technologique et \u00e9v\u00e9nement m\u00e9diatique, l\u2019histoire du R-100, ce beau vaisseau a\u00e9rien argent\u00e9, ce Titanic du ciel, c\u2019est tout \u00e7a et bien plus\u2026Ce livre \u00e9voque le succ\u00e8s de l\u2019un et l\u2019\u00e9chec de l\u2019autre.<\/p>\n<h5>Cet ouvrage est disponible sur <a href=\"https:\/\/www.amazon.ca\/s?k=Michel+Pratt&amp;i=stripbooks&amp;__mk_fr_CA=%C3%85M%C3%85%C5%BD%C3%95%C3%91&amp;crid=1AW3IT1H0AA2X&amp;sprefix=michel+pratt%2Cstripbooks%2C72&amp;ref=nb_sb_noss_1\" target=\"_blank\" rel=\"noopener\">amazon.ca<\/a> et est \u00e9ligible \u00e0 <em>Prime<\/em> pour le transport.<\/h5>\n<p>&nbsp;<\/p>\n<ul class=\"a-unordered-list a-nostyle a-vertical a-spacing-none detail-bullet-list\">\n<li><span class=\"a-list-item\"><span class=\"a-text-bold\">\u00c9diteur \u200f : \u200e\u00a0<\/span>Michel Pratt \u00c9diteur<\/span><\/li>\n<li><span class=\"a-list-item\"><span class=\"a-text-bold\">Langue \u200f: \u200ef<\/span>ran\u00e7aise<\/span><\/li>\n<li><span class=\"a-list-item\"><span class=\"a-text-bold\">Livre broch\u00e9 \u200f: \u200e<\/span>196 pages<\/span><\/li>\n<li><span class=\"a-list-item\"><span class=\"a-text-bold\">ISBN-10\u00a0 : \u200e<\/span>2981695630<\/span><\/li>\n<li><span class=\"a-list-item\"><span class=\"a-text-bold\">ISBN-13\u00a0 : \u200e<\/span>978-2981695635<\/span><\/li>\n<li><span class=\"a-list-item\"><span class=\"a-text-bold\">Poids de l\u2019article\u00a0 : \u200e<\/span>581 g<\/span><\/li>\n<li><span class=\"a-list-item\"><span class=\"a-text-bold\">Dimensions \u200f: \u200e<\/span>21.59 x 1.14 x 27.94 cm<\/span><\/li>\n<\/ul>\n<p><strong>M\u00e9tadonn\u00e9es pour les libraires et biblioth\u00e8ques sur mementolivres.com<\/strong><\/p>\n","protected":false},"excerpt":{"rendered":"<p>Par l\u2019historien qu\u00e9b\u00e9cois Michel Pratt Peu d\u2019\u00e9v\u00e9nements dans l\u2019histoire du Qu\u00e9bec ont connu un retentissement aussi fort que celui de la venue, en 1930, du dirigeable R-100. Non seulement la couverture m\u00e9diatique fut-elle exceptionnelle, mais comme le disait la dans une de ses chansons : \u00ab Tout l\u2019monde parle du R-100 \u00bb. Sur le plan [&hellip;]<\/p>\n","protected":false},"featured_media":9842,"comment_status":"open","ping_status":"closed","template":"","meta":{"site-sidebar-layout":"default","site-content-layout":"default","ast-site-content-layout":"default","site-content-style":"default","site-sidebar-style":"default","ast-global-header-display":"","ast-banner-title-visibility":"","ast-main-header-display":"","ast-hfb-above-header-display":"","ast-hfb-below-header-display":"","ast-hfb-mobile-header-display":"","site-post-title":"","ast-breadcrumbs-content":"","ast-featured-img":"","footer-sml-layout":"","ast-disable-related-posts":"","theme-transparent-header-meta":"default","adv-header-id-meta":"","stick-header-meta":"","header-above-stick-meta":"","header-main-stick-meta":"","header-below-stick-meta":"","astra-migrate-meta-layouts":"set","ast-page-background-enabled":"default","ast-page-background-meta":{"desktop":{"background-color":"","background-image":"","background-repeat":"repeat","background-position":"center center","background-size":"auto","background-attachment":"scroll","background-type":"","background-media":"","overlay-type":"","overlay-color":"","overlay-opacity":"","overlay-gradient":""},"tablet":{"background-color":"","background-image":"","background-repeat":"repeat","background-position":"center center","background-size":"auto","background-attachment":"scroll","background-type":"","background-media":"","overlay-type":"","overlay-color":"","overlay-opacity":"","overlay-gradient":""},"mobile":{"background-color":"","background-image":"","background-repeat":"repeat","background-position":"center center","background-size":"auto","background-attachment":"scroll","background-type":"","background-media":"","overlay-type":"","overlay-color":"","overlay-opacity":"","overlay-gradient":""}},"ast-content-background-meta":{"desktop":{"background-color":"var(--ast-global-color-5)","background-image":"","background-repeat":"repeat","background-position":"center center","background-size":"auto","background-attachment":"scroll","background-type":"","background-media":"","overlay-type":"","overlay-color":"","overlay-opacity":"","overlay-gradient":""},"tablet":{"background-color":"var(--ast-global-color-5)","background-image":"","background-repeat":"repeat","background-position":"center center","background-size":"auto","background-attachment":"scroll","background-type":"","background-media":"","overlay-type":"","overlay-color":"","overlay-opacity":"","overlay-gradient":""},"mobile":{"background-color":"var(--ast-global-color-5)","background-image":"","background-repeat":"repeat","background-position":"center center","background-size":"auto","background-attachment":"scroll","background-type":"","background-media":"","overlay-type":"","overlay-color":"","overlay-opacity":"","overlay-gradient":""}}},"product_brand":[],"product_cat":[62],"product_tag":[],"class_list":{"0":"post-6373","1":"product","2":"type-product","3":"status-publish","4":"has-post-thumbnail","6":"product_cat-versionpapier","7":"desktop-align-left","8":"tablet-align-left","9":"mobile-align-left","11":"first","12":"instock","13":"shipping-taxable","14":"purchasable","15":"product-type-simple"},"jetpack_sharing_enabled":true,"_links":{"self":[{"href":"https:\/\/michelpratt.quebec\/index.php?rest_route=\/wp\/v2\/product\/6373","targetHints":{"allow":["GET"]}}],"collection":[{"href":"https:\/\/michelpratt.quebec\/index.php?rest_route=\/wp\/v2\/product"}],"about":[{"href":"https:\/\/michelpratt.quebec\/index.php?rest_route=\/wp\/v2\/types\/product"}],"replies":[{"embeddable":true,"href":"https:\/\/michelpratt.quebec\/index.php?rest_route=%2Fwp%2Fv2%2Fcomments&post=6373"}],"version-history":[{"count":1,"href":"https:\/\/michelpratt.quebec\/index.php?rest_route=\/wp\/v2\/product\/6373\/revisions"}],"predecessor-version":[{"id":9825,"href":"https:\/\/michelpratt.quebec\/index.php?rest_route=\/wp\/v2\/product\/6373\/revisions\/9825"}],"wp:featuredmedia":[{"embeddable":true,"href":"https:\/\/michelpratt.quebec\/index.php?rest_route=\/wp\/v2\/media\/9842"}],"wp:attachment":[{"href":"https:\/\/michelpratt.quebec\/index.php?rest_route=%2Fwp%2Fv2%2Fmedia&parent=6373"}],"wp:term":[{"taxonomy":"product_brand","embeddable":true,"href":"https:\/\/michelpratt.quebec\/index.php?rest_route=%2Fwp%2Fv2%2Fproduct_brand&post=6373"},{"taxonomy":"product_cat","embeddable":true,"href":"https:\/\/michelpratt.quebec\/index.php?rest_route=%2Fwp%2Fv2%2Fproduct_cat&post=6373"},{"taxonomy":"product_tag","embeddable":true,"href":"https:\/\/michelpratt.quebec\/index.php?rest_route=%2Fwp%2Fv2%2Fproduct_tag&post=6373"}],"curies":[{"name":"wp","href":"https:\/\/api.w.org\/{rel}","templated":true}]}}