{"id":9549,"date":"2023-03-02T21:55:48","date_gmt":"2023-03-03T02:55:48","guid":{"rendered":"https:\/\/michelpratt.quebec\/wp\/?post_type=product&#038;p=9549"},"modified":"2026-04-17T14:01:02","modified_gmt":"2026-04-17T18:01:02","slug":"la-greve-de-la-united-aircraft-pdf","status":"publish","type":"product","link":"https:\/\/michelpratt.quebec\/?product=la-greve-de-la-united-aircraft-pdf","title":{"rendered":"La gr\u00e8ve de la United Aircraft PDF"},"content":{"rendered":"<figure id=\"attachment_9971\" aria-describedby=\"caption-attachment-9971\" style=\"width: 199px\" class=\"wp-caption aligncenter\"><img fetchpriority=\"high\" decoding=\"async\" class=\"size-medium wp-image-9971\" src=\"https:\/\/michelpratt.quebec\/wp-content\/uploads\/2024\/02\/IMG_6762-199x300.jpeg\" alt=\"\" width=\"199\" height=\"300\" srcset=\"https:\/\/michelpratt.quebec\/wp-content\/uploads\/2024\/02\/IMG_6762-199x300.jpeg 199w, https:\/\/michelpratt.quebec\/wp-content\/uploads\/2024\/02\/IMG_6762-678x1024.jpeg 678w, https:\/\/michelpratt.quebec\/wp-content\/uploads\/2024\/02\/IMG_6762-768x1160.jpeg 768w, https:\/\/michelpratt.quebec\/wp-content\/uploads\/2024\/02\/IMG_6762-300x453.jpeg 300w, https:\/\/michelpratt.quebec\/wp-content\/uploads\/2024\/02\/IMG_6762-600x906.jpeg 600w, https:\/\/michelpratt.quebec\/wp-content\/uploads\/2024\/02\/IMG_6762.jpeg 801w\" sizes=\"(max-width: 199px) 100vw, 199px\" \/><figcaption id=\"caption-attachment-9971\" class=\"wp-caption-text\">Gr\u00e8ve de la United Aircraft<\/figcaption><\/figure>\n<p>United Aircraft, deux mots qui \u00e9voquent l\u2019une des p\u00e9riodes les plus grises de l\u2019histoire sociale du Qu\u00e9bec. Le travailleurs de cette entreprise se battent pour l\u2019indexation de leurs salaires au co\u00fbt de la vie et pour la reconnaissance syndicale. Cet ouvrage, qui a \u00e9t\u00e9 r\u00e9alis\u00e9 apr\u00e8s la cueillette, le classement et le d\u00e9pouillement des sources \u00e9crites tant syndicales que patronales, ainsi que des articles de journaux avant, pendant et apr\u00e8s la gr\u00e8ve, relate l\u2019histoire de ce conflit majeur, qui demeure l\u2019un des plus importants de l\u2019histoire du Qu\u00e9bec en raison de sa long\u00e9vit\u00e9 et de sa violence. L&rsquo;ann\u00e9e 2024 a marqu\u00e9 le <span class=\"a-text-bold\">50\u1d49 anniversaire<\/span> de cette gr\u00e8ve.<\/p>\n","protected":false},"excerpt":{"rendered":"<p>United Aircraft, deux mots qui \u00e9voquent l\u2019une des p\u00e9riodes les plus grises de l\u2019histoire sociale du Qu\u00e9bec. Le travailleurs de cette entreprise se battent pour l\u2019indexation de leurs salaires au co\u00fbt de la vie et pour la reconnaissance syndicale. Cet ouvrage, qui a \u00e9t\u00e9 r\u00e9alis\u00e9 apr\u00e8s la cueillette, le classement et le d\u00e9pouillement des sources [&hellip;]<\/p>\n","protected":false},"featured_media":9971,"comment_status":"open","ping_status":"closed","template":"","meta":{"site-sidebar-layout":"default","site-content-layout":"default","ast-site-content-layout":"default","site-content-style":"default","site-sidebar-style":"default","ast-global-header-display":"","ast-banner-title-visibility":"","ast-main-header-display":"","ast-hfb-above-header-display":"","ast-hfb-below-header-display":"","ast-hfb-mobile-header-display":"","site-post-title":"","ast-breadcrumbs-content":"","ast-featured-img":"","footer-sml-layout":"","ast-disable-related-posts":"","theme-transparent-header-meta":"default","adv-header-id-meta":"","stick-header-meta":"","header-above-stick-meta":"","header-main-stick-meta":"","header-below-stick-meta":"","astra-migrate-meta-layouts":"set","ast-page-background-enabled":"default","ast-page-background-meta":{"desktop":{"background-color":"","background-image":"","background-repeat":"repeat","background-position":"center center","background-size":"auto","background-attachment":"scroll","background-type":"","background-media":"","overlay-type":"","overlay-color":"","overlay-opacity":"","overlay-gradient":""},"tablet":{"background-color":"","background-image":"","background-repeat":"repeat","background-position":"center center","background-size":"auto","background-attachment":"scroll","background-type":"","background-media":"","overlay-type":"","overlay-color":"","overlay-opacity":"","overlay-gradient":""},"mobile":{"background-color":"","background-image":"","background-repeat":"repeat","background-position":"center center","background-size":"auto","background-attachment":"scroll","background-type":"","background-media":"","overlay-type":"","overlay-color":"","overlay-opacity":"","overlay-gradient":""}},"ast-content-background-meta":{"desktop":{"background-color":"var(--ast-global-color-5)","background-image":"","background-repeat":"repeat","background-position":"center center","background-size":"auto","background-attachment":"scroll","background-type":"","background-media":"","overlay-type":"","overlay-color":"","overlay-opacity":"","overlay-gradient":""},"tablet":{"background-color":"var(--ast-global-color-5)","background-image":"","background-repeat":"repeat","background-position":"center center","background-size":"auto","background-attachment":"scroll","background-type":"","background-media":"","overlay-type":"","overlay-color":"","overlay-opacity":"","overlay-gradient":""},"mobile":{"background-color":"var(--ast-global-color-5)","background-image":"","background-repeat":"repeat","background-position":"center center","background-size":"auto","background-attachment":"scroll","background-type":"","background-media":"","overlay-type":"","overlay-color":"","overlay-opacity":"","overlay-gradient":""}}},"product_brand":[],"product_cat":[63],"product_tag":[],"class_list":{"0":"post-9549","1":"product","2":"type-product","3":"status-publish","4":"has-post-thumbnail","6":"product_cat-livres-pdf","7":"desktop-align-left","8":"tablet-align-left","9":"mobile-align-left","11":"first","12":"instock","13":"sale","14":"downloadable","15":"virtual","16":"purchasable","17":"product-type-simple"},"jetpack_sharing_enabled":true,"_links":{"self":[{"href":"https:\/\/michelpratt.quebec\/index.php?rest_route=\/wp\/v2\/product\/9549","targetHints":{"allow":["GET"]}}],"collection":[{"href":"https:\/\/michelpratt.quebec\/index.php?rest_route=\/wp\/v2\/product"}],"about":[{"href":"https:\/\/michelpratt.quebec\/index.php?rest_route=\/wp\/v2\/types\/product"}],"replies":[{"embeddable":true,"href":"https:\/\/michelpratt.quebec\/index.php?rest_route=%2Fwp%2Fv2%2Fcomments&post=9549"}],"version-history":[{"count":1,"href":"https:\/\/michelpratt.quebec\/index.php?rest_route=\/wp\/v2\/product\/9549\/revisions"}],"predecessor-version":[{"id":11136,"href":"https:\/\/michelpratt.quebec\/index.php?rest_route=\/wp\/v2\/product\/9549\/revisions\/11136"}],"wp:featuredmedia":[{"embeddable":true,"href":"https:\/\/michelpratt.quebec\/index.php?rest_route=\/wp\/v2\/media\/9971"}],"wp:attachment":[{"href":"https:\/\/michelpratt.quebec\/index.php?rest_route=%2Fwp%2Fv2%2Fmedia&parent=9549"}],"wp:term":[{"taxonomy":"product_brand","embeddable":true,"href":"https:\/\/michelpratt.quebec\/index.php?rest_route=%2Fwp%2Fv2%2Fproduct_brand&post=9549"},{"taxonomy":"product_cat","embeddable":true,"href":"https:\/\/michelpratt.quebec\/index.php?rest_route=%2Fwp%2Fv2%2Fproduct_cat&post=9549"},{"taxonomy":"product_tag","embeddable":true,"href":"https:\/\/michelpratt.quebec\/index.php?rest_route=%2Fwp%2Fv2%2Fproduct_tag&post=9549"}],"curies":[{"name":"wp","href":"https:\/\/api.w.org\/{rel}","templated":true}]}}